3*v + 4*n = 3*n - s. What is the remainder when v is divided by 40?
37
Let x = 35 - -202. Suppose 1322 + 1072 = 171*g. Calculate the remainder when (-1)/2 - x/(-6) is divided by g.
11
Calculate the remainder when (-4005)/(-25) - 1/5 is divided by -3 - (-2 - (0 - -1)) - (123 - 159).
16
Suppose -4*n - n = -4277 - 1178. Calculate the remainder when n is divided by 15.
11
Let y(m) = m**2 - 12*m + 19. Let d be y(3). Let n = 290 + d. What is the remainder when n is divided by 26?
22
What is the remainder when 3/(9 + 64/(-8)) + 7 + 6520 is divided by 21?
20
Let b be (-114)/(-15) - (-4)/10. Suppose b*v = 2*v + 12. Calculate the remainder when (-1785)/(-12) + 21/(-12) + v is divided by 25.
24
Suppose -24 = -q + 63. Let k = -82 + q. Suppose -837 = -k*z - 2*m, 4*z - m - 962 = -282. What is the remainder when z is divided by 19?
17
Suppose -o + 147 = 4*g, -2*g + 70 = 16*o - 12*o. Calculate the remainder when 7915 is divided by g.
34
Suppose 0 = 2*v - 1135 + 175. Suppose -2*f - 5*a = -163 - 41, 5*f - v = -5*a. What is the remainder when f is divided by 12?
8
Let c = -57 - -327. Suppose 5*w - c = -0*w. What is the remainder when w is divided by 29?
25
Let n(g) = g**3 + 85*g**2 - 376*g - 775. What is the remainder when n(-89) is divided by 60?
45
Let r(o) = -7*o + 39. Let m = 126 - 131. Calculate the remainder when r(m) is divided by 25.
24
Let y = 2177 + -1412. What is the remainder when (-8)/12*(-8)/(48/y) is divided by 23?
16
Suppose -262 = -2*o - 3*f, 2*o - 126 = o + f. Suppose 2*c + o = 4*c. What is the remainder when 191 is divided by c?
63
Let v = 31 + -33. Let j be (-8)/v - (-1185)/3. Let t = -178 + j. What is the remainder when t is divided by 14?
11
Let k = -15696 + 15914. What is the remainder when 1237 is divided by k?
147
Suppose 3*f = 3*l - 78, 0 = -5*l + 4*f + 53 + 77. Calculate the remainder when 805 is divided by l.
25
Let y = 109 + -64. Let j(o) = 20*o**2 + 320*o - 323. Calculate the remainder when y is divided by j(-17).
11
Let m be (16 + -23)*12/7. Let p(s) = s**3 + 11*s**2 - 12*s + 10. What is the remainder when 59 is divided by p(m)?
9
Let p(j) = -78*j + 20 - 70*j + 23 - 53 + 14. What is the remainder when p(-1) is divided by 14?
12
Suppose 3*x = 8 + 4. Let f(r) = 3*r**2 + 2*r - 10. Let i be f(x). Let z = 93 - i. Calculate the remainder when 138 is divided by z.
44
Let s(j) = 2*j - 8. Let l = -14 - -10. Let a be s(l). Calculate the remainder when 100 is divided by (195/20)/((-6)/a).
22
Let s be (-3 + 4 + -1)*1. Suppose -8*d + 12*d - 316 = s. Let a(w) = 2*w**2 + 14*w + 5. Calculate the remainder when d is divided by a(-8).
16
Let x(d) = -5*d + 6. Let t be x(-4). Suppose 3*y = t + 61. Let h = -2 + y. What is the remainder when h is divided by 15?
12
Calculate the remainder when (-284)/(-14) + -20 + (-2931)/(-7) is divided by 53.
48
What is the remainder when 60 is divided by (12/9)/((-321)/(-45) + -7)?
0
Let c = 79 + -5. Calculate the remainder when c is divided by (4/(-6))/(24/(-972)).
20
Calculate the remainder when ((-16)/(-40) - (-48)/(-45))*3225/(-2) is divided by 21.
4
Let x(f) = -2*f**2 + 45*f - 58. Let n be x(21). Suppose -a = 2*w - 365, -3*a - n*w = -9 - 1083. Calculate the remainder when a is divided by 90.
89
Let x = 130 + -134. Let z(o) = 11*o**2 - 7*o + 1. Calculate the remainder when z(x) is divided by 13.
10
Suppose 46 = 3*p - q, 4*p + 23 = 2*q + 87. What is the remainder when 3/(-3) + 3 - (-131 + p) is divided by 62?
57
Let d(q) = -2*q**3 - 68*q**2 - 39*q + 164. Calculate the remainder when d(-34) is divided by 68.
62
Let u(z) = -z**3 - 10*z**2 - 24*z - 77. Let x be u(-10). Let r = x - 134. Calculate the remainder when r is divided by 19.
10
Suppose -369 + 99 = 543*f - 545*f. Calculate the remainder when 469 is divided by f.
64
Suppose 0 = 4*t + 1388 + 344. Let q = -289 - t. What is the remainder when q is divided by 37?
33
Suppose 843*o = 820*o + 1610. Calculate the remainder when 9798 is divided by o.
68
Suppose 3*p = 0, 4*o + 5*p - 1545 = 2627. Calculate the remainder when o is divided by 18.
17
Suppose 5*t = -h - 23, 0 = 4*h + 5*t + 88 + 64. Let w = -55 - h. Let c(o) = o + 26. Calculate the remainder when 27 is divided by c(w).
13
Let u(r) = -81947*r - 33 + 81949*r - 60. Suppose n = 5*i - 9 - 0, -n + 15 = i. Calculate the remainder when n is divided by u(48).
2
What is the remainder when 1329 is divided by (6 + 192/(-36))*(-7776)/(-8)?
33
Suppose 0 = -n - 3, -n - 2*n + 1851 = 4*f. Calculate the remainder when f is divided by 52.
49
Let h be 0*(-3 - 60/(-18)). Suppose 5*w = u - h - 4, 3*u - 63 = -2*w. Suppose 5*j - 103 - 272 = 0. Calculate the remainder when j is divided by u.
18
Suppose -42*t = -49*t - 567. Let p = t + 76. What is the remainder when 135 is divided by 46*-1*p/10?
20
Let y(w) = w**2 - 10*w - 145. What is the remainder when 379 is divided by y(-9)?
15
Let j(n) = -1852*n - 3434. Calculate the remainder when 1376 is divided by j(-2).
26
Let c = -230 - -221. Let t(f) = f**2 + 10*f + 17. What is the remainder when 53 is divided by t(c)?
5
Let r = -363 + 504. Let m = r - 85. What is the remainder when 221 is divided by m?
53
What is the remainder when 871 is divided by ((-96)/(-14))/((-1850)/(-259) + -7)?
7
Suppose -4*w + 3*a + 2060 = 0, 2*w - 2*a + a - 1030 = 0. Let l = w - 498. Calculate the remainder when 22 is divided by l.
5
Suppose 4*x - 1287 = -3*v + 8913, -4*v - 16 = 0. Suppose 0 = -31*b - 6*b + x. Calculate the remainder when b is divided by 27.
15
Suppose q + 1092 - 448 = 2*a, -3*a + 980 = 2*q. What is the remainder when a is divided by 35?
9
Suppose 3*b = -4*l + 515, -4*b = -3*l - 7*b + 390. Let x = l - 72. What is the remainder when 633 is divided by x?
50
Suppose 31 + 47 = 3*g. Let y = -627 + 347. Let f = y + 380. Calculate the remainder when f is divided by g.
22
Let r(c) = 2*c**3 + 25*c**2 - 70*c - 15. Calculate the remainder when 1619 is divided by r(4).
221
Suppose 4*z = 17 + 7. Let b(r) = 2*r**2 - 7*r - 8. Let y be b(-1). Calculate the remainder when z is divided by y*(-6)/(-39) + 200/52.
2
Suppose -c - 141 = 2*c. Let t = c - -73. What is the remainder when 1*(-1 + (2 - -48)) is divided by t?
23
Suppose -97*v + 16234 = 22*v - 9708. What is the remainder when 895 is divided by v?
23
Let t(m) be the third derivative of -m**4/24 + 11*m**3/6 + m**2. Let u = 39073 - 39065. Calculate the remainder when u is divided by t(6).
3
Suppose 0 = 5*u - 25, -2*u = q - 5*u + 7. Suppose -q*w = 322 + 22. Let r = 115 + w. Calculate the remainder when r is divided by 26.
20
Suppose -s + 2*l + 2*l = -732, 2*s - 1416 = -4*l. Let a = s - 468. Suppose a = -161*w + 165*w. Calculate the remainder when w is divided by 7.
6
Calculate the remainder when 389 is divided by 129 - 1/(1 + -10 + 8).
129
Suppose -705 = -4*h + 475. Let q = h - 199. Calculate the remainder when q is divided by 49.
47
Let v = -154 + 154. Suppose v = -21*s - 1635 + 7137. Calculate the remainder when s is divided by 44.
42
Let x = -16028 + 16078. Let y = -464 + 658. What is the remainder when y is divided by x?
44
Suppose -13*l = 53*l - 4695 - 4875. Calculate the remainder when 412 is divided by l.
122
Let g = 32200 - 31091. Calculate the remainder when g is divided by 102.
89
Let g = -3561 + 3661. What is the remainder when 701 is divided by g?
1
Suppose -5*j + 44 = 3*a, a + 63 - 21 = 4*j. Calculate the remainder when 1 + (11 + -2 - -2) is divided by j.
2
Let j = -2254 + 2276. What is the remainder when 2573 is divided by j?
21
Let k(v) = 3*v**2 + 13*v + 17. Let o(b) = b**2 + b + 1. Let g(c) = k(c) - 4*o(c). Let j be g(11). Calculate the remainder when 37 is divided by 920/72 - 2/j.
11
Let u = 7923 + -7486. Calculate the remainder when u is divided by 424.
13
Suppose -109*j + 54 = -105*j + s, 0 = s + 2. What is the remainder when 10133 is divided by j?
11
Suppose 3*j = -2*j + 125. Calculate the remainder when (-10)/(475/(-152) - (-3 + 0)) is divided by j.
5
Let d = 166 - 111. Suppose 0*k + 117 = 5*i - 2*k, 3*i - d = 5*k. Suppose -20*p + i*p - 510 = 0. Calculate the remainder when p is divided by 35.
32
What is the remainder when 1/(-3)*(-213846)/290*(-5)/(-1) is divided by 1228?
1
Suppose -s - 6 = -2*y, -3*s - 12 = -4*y + 2*s. Suppose -2*p - 1237 = -y*b, -3*b = -b + 2*p - 838. What is the remainder when b is divided by 52?
51
Let n = -12669 + 1